e the third derivative of -p**6/120 + 2*p**5/15 + p**4/3 + 3*p**3/2 - p**2. Let l be s(9). Let d(c) = c**3 - c**2 - c - 1. Determine d(l).
-1
Let n(u) be the first derivative of u**4/4 + 5*u**3/3 - u**2 - 4*u - 9. What is n(-3)?
20
Let a(c) be the first derivative of -c**3/3 + 5*c**2/2 + 5*c + 1. Let v(i) be the first derivative of a(i). Let p(b) = b**2 - 4. Let w be p(-3). What is v(w)?
-5
Let k(j) = -j**2 - 8*j - 3. Let l = -1 - 7. Give k(l).
-3
Let j(a) = -a**2 - 5. Suppose -3*w = -0*w. Let s be j(w). Let y(o) = 3*o + 6. Determine y(s).
-9
Let w(k) be the first derivative of k**4/12 + 2*k**3/3 + 2*k**2 - 6*k - 2. Let a(l) be the first derivative of w(l). What is a(-3)?
1
Suppose -5 = -k - 0*k. Suppose 0 = -5*h + k*d + 10, -2*h - 9 = d - 4. Let v(n) = -3*n**3 - n**2. What is v(h)?
2
Let m(a) be the second derivative of -a**5/60 + a**4/12 - a**3/3 + a**2/2 + 3*a. Let x(b) be the first derivative of m(b). Calculate x(3).
-5
Let i(n) = n + 1. Let z(b) = b**3 + 6*b**2 + 9*b + 2. Let g(k) = 2*i(k) - z(k). Determine g(-5).
10
Let f(v) = -v - 1. Suppose -m = -5*m - 24. What is f(m)?
5
Let n = 9 - -4. Let w = 8 - n. Let o = w - -5. Let h(x) = -x**2 + x + 7. Determine h(o).
7
Let h be 4/(-2 + (-1)/(2/(-2))). Let x(s) = -s**2 - 2*s + 3. Determine x(h).
-5
Let t(x) = x - 1. Let n(p) = -4*p + 13. Let d(v) = n(v) + 6*t(v). Let l(r) = 2*r + 8. Let o(b) = 6*d(b) - 5*l(b). What is o(-2)?
-2
Suppose 7 = s - 3*x, -3*s + 11 = 5*x + 4. Let h(f) be the second derivative of f**5/20 - 5*f**4/12 + 5*f**3/6 - 2*f**2 - f. Determine h(s).
0
Suppose 0 = 3*q + 4*o - 35, o + 4*o = q + 20. Let m(s) be the second derivative of s**5/20 - s**4/2 + 5*s**3/6 - s**2/2 - s. Calculate m(q).
-1
Let y be (2 + (-6)/3)/(2 - -1). Let d(z) = z**2 + z - 8. Calculate d(y).
-8
Suppose -6*m - 2*f = -2*m - 46, -4*f = m + 6. Let l be 63/18*8/m. Let o(k) = -k**2 + 2*k. What is o(l)?
0
Let x(f) = -14*f**2 - 5*f + 29*f**2 - 14*f**2. Calculate x(3).
-6
Let i = -14 - -15. Let w = i - -3. Let x(t) = -t**3 - 3*t**2 + 8*t + 1. Let b(j) = -j**3 - 2*j**2 + 7*j + 1. Let p(o) = -7*b(o) + 6*x(o). Give p(w).
-5
Let p(s) = s**3 + 201*s - 201*s + 7*s**2 + 1. Give p(-7).
1
Let x(u) = -10*u - 1. Let h(z) = -z. Let j(q) = 22*h(q) - 2*x(q). Determine j(-2).
6
Let i = 11 + 0. Let r(q) = -16*q - 66. Let j(w) = -3*w - 13. Let b(o) = i*j(o) - 2*r(o). Suppose -3*x + x - 10 = 0. Calculate b(x).
-6
Let b(y) = 5*y + 1. Let f be b(1). Let j(z) = -3*z - 4. Let h(n) = 5*n + 7. Let i(x) = 4*h(x) + 7*j(x). Give i(f).
-6
Let t(q) be the first derivative of 1/4*q**4 + 4*q - 1/2*q**2 + 4 - 5/3*q**3. Let a = -7 + 12. Calculate t(a).
-1
Let v(m) be the first derivative of -m**3/3 + 3*m + 4. Let o = 5 - 8. Give v(o).
-6
Let p(b) = -b**2 + 2*b**2 + 3*b**2 - 2*b - b**3 + 1. Suppose -27 = f - 4*f. Let g = f - 6. Give p(g).
4
Let i(k) = k**2 + 3*k - 7. Let n(j) = -2*j**2 - 7*j + 15. Let r(d) = -13*i(d) - 6*n(d). Calculate r(4).
-3
Let k = -29 + 41. Suppose 4*r + 12 + k = 0. Let y(d) = -d**3 - 5*d**2 + 4*d - 6. Give y(r).
6
Let j be 1/1*(0 - 2). Let p = j + 5. Let v(u) = -2*u**2 + 4*u + 1. What is v(p)?
-5
Let g(b) = b**2 - 11*b - 3. Let j(t) = t**2 - 10*t - 2. Let v(h) = 3*g(h) - 4*j(h). Determine v(5).
9
Let p(h) = 7*h**3 + h**2 - 2. Let t(n) = 1. Let d(l) = -p(l) - t(l). Calculate d(-1).
7
Let n(u) = -u**2 + 8*u - 10. Let r be 5 + 0 + (-6)/(-3). Let z be n(r). Let x(t) be the third derivative of t**4/12 + 2*t**3/3 - t**2. Determine x(z).
-2
Let a(h) = -4*h**3 - 4*h**2 - h + 1. Let s(g) = -3*g**2 - 2*g**2 + 4*g**2. Let d(n) = a(n) - 4*s(n). Suppose -22 = 3*f - 5*l, 3*l = 5*f + l + 5. What is d(f)?
-4
Let d(w) be the first derivative of -1/2*w**2 + 4*w + 1. Let a be (1 - 0) + (-7)/(14/(-6)). Calculate d(a).
0
Let u(k) = -8 - 4*k + 6 - 39*k**2 + 38*k**2. Determine u(-6).
-14
Let h = 3 + -4. Let o be h/((-6)/4 + 2). Let r(i) be the second derivative of -i**5/20 + i**3/3 - i**2/2 - i. Determine r(o).
3
Let x(v) be the second derivative of v**4/3 + v**3/6 + v**2/2 + 2*v. Let q = -15 - -14. Determine x(q).
4
Suppose o + 0 - 2 = 0. Suppose -f + o = 1. Let n(q) = -q - f + q + q. Calculate n(5).
4
Let h(y) = 2*y. Let b(v) = 7*v + 5. Let g(t) = -b(t) + 4*h(t). What is g(3)?
-2
Let w(g) = g**2 + 2*g + 3. Let i = 20 + -22. Calculate w(i).
3
Let x be (1/1)/(0 + 1). Let a = x - 1. Let z(i) be the first derivative of -i**4/4 + i**2/2 + 5*i - 20. What is z(a)?
5
Let l(m) = -2*m**2 - 7*m - 8. Let d be l(-3). Let b(t) = t**3 + 5*t**2 - t - 1. What is b(d)?
4
Let j(h) = 5*h + 4. Let x(i) = i**3 + 5*i**2 + i + 2. Let t be x(-5). Calculate j(t).
-11
Let s(g) = g**3 + 9*g**2 + g + 5. Let l = -1 + -8. Let h be s(l). Let o(n) be the first derivative of n**4/4 + 4*n**3/3 - n**2/2 + 4*n - 1. Calculate o(h).
8
Let a(c) = -c**3 - 2*c**2 + 4*c. Let p(w) be the third derivative of -w**5/60 + 3*w**4/8 - w**3/2 - 9*w**2. Let r be p(9). Determine a(r).
-3
Let d(a) be the third derivative of a**6/120 + a**5/12 - 7*a**4/24 - a**3/3 - 15*a**2. Determine d(-6).
4
Let d = 16 - 14. Let z(v) = v**2 - 4*v + 10 - d*v - v**3 + 7*v. Determine z(0).
10
Let l(y) be the second derivative of 1/2*y**4 + 1/20*y**5 + 2/3*y**3 + 0 - 7/2*y**2 + y. Let w = 2 - 7. Determine l(w).
-2
Let p(x) = -x**2 + 2. Let z = -9 - -7. Determine p(z).
-2
Let r(b) be the third derivative of -b**5/30 + 5*b**4/24 + b**3/2 - 3*b**2 - 5. Determine r(5).
-22
Let o(q) = 2 + 6 - 14 - 3*q. What is o(-4)?
6
Let h(w) = 4*w**2 + w + 1. Let s be h(-1). Let i be (4/6)/(s/(-12)). Let j(f) = f - 1. Let c(x) = -4*x + 3. Let l(t) = c(t) + 3*j(t). Determine l(i).
2
Let l(j) = j**3 - 9*j**2 + 8*j - 5. Let c be l(8). Let t(m) = -m**2 - 5*m - 2. What is t(c)?
-2
Let u(t) = -17 - 1 + 5 + 15*t - 4*t**2. Let g(p) = -p**2 + 5*p - 4. Let d(z) = -7*g(z) + 2*u(z). Calculate d(-5).
2
Suppose 29 = 3*b + 8. Let k(o) be the second derivative of o**3/6 - 7*o**2/2 - 136*o. Give k(b).
0
Let b(m) = 4*m**3 - 2*m**2 + 2*m - 1. Let t be b(1). Suppose 0 = t*k - k - 4. Let n(w) = -k*w - w**2 + 3*w + w. Calculate n(2).
0
Let a(x) be the second derivative of -x**4/3 + x**2/2 + 34*x. Let g = -3 - -4. Calculate a(g).
-3
Let y(x) = 6*x**2 + 8*x + 1. Let f(n) = n**2 + n. Let q(z) = 5*f(z) - y(z). What is q(-2)?
1
Let s(i) = i**3 + 9*i**2 - i - 4. Let y be s(-9). Let u be (-123)/21 - y/35. Let v(t) = -t - 13. Calculate v(u).
-7
Let y(w) = -w + 6 + 4*w**2 - 14 - 3*w**2. Suppose -4*h + k = 2, -3*h - 3*k = -8*h - 6. Determine y(h).
-8
Let n = 8 - 3. Suppose 5*r - n*p + p - 33 = 0, -3*r - 3*p + 9 = 0. Let q(m) be the first derivative of m**4/4 - 5*m**3/3 - m**2 + 4*m + 12. What is q(r)?
-6
Suppose n - 3*p = -3*n + 23, 4*p + 12 = -4*n. Suppose 2*m + n = 3*m. Let q(g) = -2*g - 1. Let u(d) = -2*d. Let y(b) = -2*q(b) + 3*u(b). Calculate y(m).
-2
Suppose -2*q = -5*q. Let r(i) = -i - 2. Let b be r(q). Let j(w) be the second derivative of w**5/10 + w**4/3 + w**3/2 + w. Calculate j(b).
-6
Let t = -221 + 227. Let d(u) be the third derivative of u**5/60 - 5*u**4/24 - 5*u**3/6 + u**2. Determine d(t).
1
Let n(a) = 3*a**3 - 2*a**2 + 5*a - 4. Let h(f) = f**3 + f**2 + f. Let r(l) = 2*h(l) - n(l). Determine r(3).
4
Let l(j) be the first derivative of -1/3*j**3 + 3*j + 3/2*j**2 + 4. Calculate l(5).
-7
Let b(r) = 13*r**2 - 8*r + 8. Let i(u) = -7*u**2 + 4*u - 4. Let w(x) = 6*b(x) + 11*i(x). Determine w(3).
1
Let i = 0 + -4. Let t(a) be the third derivative of -a**5/60 - 5*a**4/24 + a**3/3 + 49*a**2. Determine t(i).
6
Let o(r) = -1 + 0*r - 2*r - 1. Let n(p) = 2*p**2 + 2*p - 2. Let i be 12/(-9) + 10/(-15). Let g be n(i). Calculate o(g).
-6
Let b(p) be the first derivative of p**4/4 + 5*p**3/3 + 2*p - 2. Suppose -3*y = -2*y - 1. Let j(g) = -g - 1. Let f(o) = y*b(o) - 4*j(o). Calculate f(-4).
6
Let b(c) = c**3 - 3*c**2 - 4*c. Let m be (-4)/(-20) - ((-38)/10 - 0). What is b(m)?
0
Let x(t) be the third derivative of -t**5/60 - t**4/24 - 5*t**3/6 + 5*t**2. Determine x(0).
-5
Let w(b) = b**2 - b - 1. Suppose 4*y + 68 = -0*y. Let i = y + 17. Give w(i).
-1
Suppose v - 4 + 2 = 0. Let p(o) = o + 2*o + v - 4*o. Determine p(7).
-5
Let s(n) be the first derivative of -1/2*n**2 + 3 - 6*n. What is s(5)?
-11
Suppose -5*m = -2*m - 6. Suppose m*w = w - 6. Let v(y) = -y**2 - 8*y - 8. Calculate v(w).
4
Let j(g) = 2*g**2 + 29 + g**3 + 0*g**2 - 29 + 3*g. Give j(-2).
-6
Let d(q) = q - 1 - 4*